{"id":85,"date":"2024-06-05T20:59:13","date_gmt":"2024-06-05T20:59:13","guid":{"rendered":"https:\/\/bsr-steinreinigung.de\/?page_id=85"},"modified":"2025-01-09T10:39:42","modified_gmt":"2025-01-09T10:39:42","slug":"datenschutz","status":"publish","type":"page","link":"https:\/\/bsr-steinreinigung.de\/index.php\/datenschutz\/","title":{"rendered":"Datenschutzerkl\u00e4rung"},"content":{"rendered":"\t\t<div data-elementor-type=\"wp-page\" data-elementor-id=\"85\" class=\"elementor elementor-85\">\n\t\t\t\t<div class=\"elementor-element elementor-element-67ab8da4 e-flex e-con-boxed e-con e-parent\" data-id=\"67ab8da4\" data-element_type=\"container\" data-e-type=\"container\" data-settings=\"{&quot;background_background&quot;:&quot;classic&quot;,&quot;position&quot;:&quot;fixed&quot;}\">\n\t\t\t\t\t<div class=\"e-con-inner\">\n\t\t\t\t<div class=\"elementor-element elementor-element-75826311 elementor-widget elementor-widget-image\" data-id=\"75826311\" data-element_type=\"widget\" data-e-type=\"widget\" data-widget_type=\"image.default\">\n\t\t\t\t<div class=\"elementor-widget-container\">\n\t\t\t\t\t\t\t\t\t\t\t\t\t\t\t\t<a href=\"https:\/\/bsr-steinreinigung.de\/\">\n\t\t\t\t\t\t\t<img decoding=\"async\" width=\"300\" height=\"57\" src=\"https:\/\/bsr-steinreinigung.de\/wp-content\/uploads\/2024\/06\/LogoBSR2-300x57.png\" class=\"attachment-medium size-medium wp-image-152\" alt=\"\" srcset=\"https:\/\/bsr-steinreinigung.de\/wp-content\/uploads\/2024\/06\/LogoBSR2-300x57.png 300w, https:\/\/bsr-steinreinigung.de\/wp-content\/uploads\/2024\/06\/LogoBSR2.png 661w\" sizes=\"(max-width: 300px) 100vw, 300px\" \/>\t\t\t\t\t\t\t\t<\/a>\n\t\t\t\t\t\t\t\t\t\t\t\t\t\t\t<\/div>\n\t\t\t\t<\/div>\n\t\t\t\t<div class=\"elementor-element elementor-element-4c55874a elementor-align-right elementor-widget__width-inherit elementor-widget elementor-widget-button\" data-id=\"4c55874a\" data-element_type=\"widget\" data-e-type=\"widget\" data-widget_type=\"button.default\">\n\t\t\t\t<div class=\"elementor-widget-container\">\n\t\t\t\t\t\t\t\t\t<div class=\"elementor-button-wrapper\">\n\t\t\t\t\t<a class=\"elementor-button elementor-button-link elementor-size-sm\" href=\"https:\/\/bsr-steinreinigung.de\/index.php\/kontakt\/\">\n\t\t\t\t\t\t<span class=\"elementor-button-content-wrapper\">\n\t\t\t\t\t\t\t\t\t<span class=\"elementor-button-text\">Kontakt<\/span>\n\t\t\t\t\t<\/span>\n\t\t\t\t\t<\/a>\n\t\t\t\t<\/div>\n\t\t\t\t\t\t\t\t<\/div>\n\t\t\t\t<\/div>\n\t\t\t\t\t<\/div>\n\t\t\t\t<\/div>\n\t\t<div class=\"elementor-element elementor-element-6862350 e-flex e-con-boxed e-con e-parent\" data-id=\"6862350\" data-element_type=\"container\" data-e-type=\"container\">\n\t\t\t\t\t<div class=\"e-con-inner\">\n\t\t\t\t<div class=\"elementor-element elementor-element-dcfaaf8 elementor-widget elementor-widget-heading\" data-id=\"dcfaaf8\" data-element_type=\"widget\" data-e-type=\"widget\" data-widget_type=\"heading.default\">\n\t\t\t\t<div class=\"elementor-widget-container\">\n\t\t\t\t\t<h2 class=\"elementor-heading-title elementor-size-default\">Datenschutzerkl\u00e4rung<\/h2>\t\t\t\t<\/div>\n\t\t\t\t<\/div>\n\t\t\t\t<div class=\"elementor-element elementor-element-03183da elementor-widget elementor-widget-text-editor\" data-id=\"03183da\" data-element_type=\"widget\" data-e-type=\"widget\" data-widget_type=\"text-editor.default\">\n\t\t\t\t<div class=\"elementor-widget-container\">\n\t\t\t\t\t\t\t\t\t<p>\u00a0<\/p><p><strong>Verantwortlicher<\/strong><\/p><p>Gulsina Beyerle<br \/>Graf-Stauffenberg-Str. 3<br \/>38228 Salzgitter<br \/>E-Mail: info@bsr-steinreinigung.de<\/p><p><strong>Arten der verarbeiteten Daten<\/strong><\/p><p>Bestandsdaten (z.B. Namen, Adressen).<\/p><p>Kontaktdaten (z.B. E-Mail, Telefonnummern).<\/p><p>Inhaltsdaten (z.B. Texteingaben, Fotografien, Videos).<\/p><p>Nutzungsdaten (z.B. besuchte Webseiten, Interesse an Inhalten, Zugriffszeiten).<\/p><p>Meta-\/Kommunikationsdaten (z.B. Ger\u00e4te-Informationen, IP-Adressen).<\/p><p>Cookies (siehe Abschnitt &#8222;Cookies&#8220;).<\/p><p><strong>Zweck der Verarbeitung<\/strong><\/p><p>Zur Verf\u00fcgungstellung des Onlineangebotes, seiner Funktionen und Inhalte.<\/p><p>Beantwortung von Kontaktanfragen und Kommunikation mit Nutzern.<\/p><p>Sicherheitsma\u00dfnahmen.<\/p><p>Reichweitenmessung\/Marketing.<\/p><p><strong>Verwendete Begrifflichkeiten<\/strong><\/p><p>&#8222;Personenbezogene Daten&#8220; sind alle Informationen, die sich auf eine identifizierte oder identifizierbare nat\u00fcrliche Person (im Folgenden &#8222;betroffene Person&#8220;) beziehen.<\/p><p><strong>Rechtsgrundlagen der Verarbeitung<\/strong><\/p><p>Einwilligung (Art. 6 Abs. 1 lit. a DSGVO).<\/p><p>Vertragserf\u00fcllung und vorvertragliche Anfragen (Art. 6 Abs. 1 lit. b DSGVO).<\/p><p>Berechtigte Interessen (Art. 6 Abs. 1 lit. f DSGVO).<\/p><p><strong>Sicherheitsma\u00dfnahmen<\/strong><\/p><p>Wir treffen organisatorische, vertragliche und technische Sicherheitsma\u00dfnahmen entsprechend dem Stand der Technik, um sicherzustellen, dass die Vorschriften der Datenschutzgesetze eingehalten werden und um damit die durch uns verarbeiteten Daten gegen zuf\u00e4llige oder vors\u00e4tzliche Manipulationen, Verlust, Zerst\u00f6rung oder gegen den Zugriff unberechtigter Personen zu sch\u00fctzen.<\/p><p><strong>Ihre Rechte<\/strong><\/p><p>Sie haben das Recht, eine Best\u00e4tigung dar\u00fcber zu verlangen, ob betreffende Daten verarbeitet werden und auf Auskunft \u00fcber diese Daten sowie auf weitere Informationen und Kopie der Daten entsprechend den gesetzlichen Vorgaben.<\/p><p><strong>Cookies<\/strong><\/p><p>Wir verwenden Cookies, um die Benutzerfreundlichkeit unserer Webseite zu verbessern. Cookies sind kleine Textdateien, die auf Ihrem Endger\u00e4t gespeichert werden und bestimmte Informationen zum Austausch mit unserem System speichern. Sie haben die M\u00f6glichkeit, das Setzen von Cookies durch entsprechende Einstellungen in Ihrem Browser zu verhindern; wir weisen jedoch darauf hin, dass Sie in diesem Fall gegebenenfalls nicht s\u00e4mtliche Funktionen dieser Webseite vollumf\u00e4nglich nutzen k\u00f6nnen.<\/p><p><strong>\u00c4nderung unserer Datenschutzbestimmungen<\/strong><\/p><p>Wir behalten uns vor, diese Datenschutzerkl\u00e4rung anzupassen, damit sie stets den aktuellen rechtlichen Anforderungen entspricht oder um \u00c4nderungen unserer Leistungen in der Datenschutzerkl\u00e4rung umzusetzen.<\/p><p>Gulsina Beyerle 30.03.2024<\/p><p>\u00a0<\/p>\t\t\t\t\t\t\t\t<\/div>\n\t\t\t\t<\/div>\n\t\t\t\t\t<\/div>\n\t\t\t\t<\/div>\n\t\t<div class=\"elementor-element elementor-element-9ceb129 e-flex e-con-boxed e-con e-parent\" data-id=\"9ceb129\" data-element_type=\"container\" data-e-type=\"container\" data-settings=\"{&quot;background_background&quot;:&quot;classic&quot;,&quot;position&quot;:&quot;fixed&quot;}\">\n\t\t\t\t\t<div class=\"e-con-inner\">\n\t\t\t\t<div class=\"elementor-element elementor-element-2115fc54 elementor-widget elementor-widget-heading\" data-id=\"2115fc54\" data-element_type=\"widget\" data-e-type=\"widget\" data-widget_type=\"heading.default\">\n\t\t\t\t<div class=\"elementor-widget-container\">\n\t\t\t\t\t<p class=\"elementor-heading-title elementor-size-default\">\u00a9 All Rights Reserved.<\/p>\t\t\t\t<\/div>\n\t\t\t\t<\/div>\n\t\t\t\t<div class=\"elementor-element elementor-element-5b4e6f55 elementor-widget elementor-widget-heading\" data-id=\"5b4e6f55\" data-element_type=\"widget\" data-e-type=\"widget\" data-widget_type=\"heading.default\">\n\t\t\t\t<div class=\"elementor-widget-container\">\n\t\t\t\t\t<p class=\"elementor-heading-title elementor-size-default\"><a href=\"https:\/\/bsr-steinreinigung.de\/index.php\/agb\/\">AGB<\/a><\/p>\t\t\t\t<\/div>\n\t\t\t\t<\/div>\n\t\t\t\t<div class=\"elementor-element elementor-element-4f00c6e0 elementor-widget elementor-widget-heading\" data-id=\"4f00c6e0\" data-element_type=\"widget\" data-e-type=\"widget\" data-widget_type=\"heading.default\">\n\t\t\t\t<div class=\"elementor-widget-container\">\n\t\t\t\t\t<p class=\"elementor-heading-title elementor-size-default\"><a href=\"https:\/\/bsr-steinreinigung.de\/index.php\/impressum\/\">Impressum<\/a><\/p>\t\t\t\t<\/div>\n\t\t\t\t<\/div>\n\t\t\t\t<div class=\"elementor-element elementor-element-6ceea015 elementor-widget elementor-widget-heading\" data-id=\"6ceea015\" data-element_type=\"widget\" data-e-type=\"widget\" data-widget_type=\"heading.default\">\n\t\t\t\t<div class=\"elementor-widget-container\">\n\t\t\t\t\t<p class=\"elementor-heading-title elementor-size-default\"><a href=\"https:\/\/bsr-steinreinigung.de\/index.php\/datenschutz\/\">Datenschutz<\/a><\/p>\t\t\t\t<\/div>\n\t\t\t\t<\/div>\n\t\t\t\t\t<\/div>\n\t\t\t\t<\/div>\n\t\t\t\t<\/div>\n\t\t","protected":false},"excerpt":{"rendered":"<p>Kontakt Datenschutzerkl\u00e4rung \u00a0 Verantwortlicher Gulsina BeyerleGraf-Stauffenberg-Str. 338228 SalzgitterE-Mail: info@bsr-steinreinigung.de Arten der verarbeiteten Daten Bestandsdaten (z.B. Namen, Adressen). Kontaktdaten (z.B. E-Mail, Telefonnummern). Inhaltsdaten (z.B. Texteingaben, Fotografien, Videos). Nutzungsdaten (z.B. besuchte Webseiten, Interesse an Inhalten, Zugriffszeiten). Meta-\/Kommunikationsdaten (z.B. Ger\u00e4te-Informationen, IP-Adressen). Cookies (siehe Abschnitt &#8222;Cookies&#8220;). Zweck der Verarbeitung Zur Verf\u00fcgungstellung des Onlineangebotes, seiner Funktionen und Inhalte. Beantwortung von [&hellip;]<\/p>\n","protected":false},"author":1,"featured_media":0,"parent":0,"menu_order":0,"comment_status":"closed","ping_status":"closed","template":"elementor_canvas","meta":{"footnotes":""},"class_list":["post-85","page","type-page","status-publish","hentry"],"_links":{"self":[{"href":"https:\/\/bsr-steinreinigung.de\/index.php\/wp-json\/wp\/v2\/pages\/85","targetHints":{"allow":["GET"]}}],"collection":[{"href":"https:\/\/bsr-steinreinigung.de\/index.php\/wp-json\/wp\/v2\/pages"}],"about":[{"href":"https:\/\/bsr-steinreinigung.de\/index.php\/wp-json\/wp\/v2\/types\/page"}],"author":[{"embeddable":true,"href":"https:\/\/bsr-steinreinigung.de\/index.php\/wp-json\/wp\/v2\/users\/1"}],"replies":[{"embeddable":true,"href":"https:\/\/bsr-steinreinigung.de\/index.php\/wp-json\/wp\/v2\/comments?post=85"}],"version-history":[{"count":31,"href":"https:\/\/bsr-steinreinigung.de\/index.php\/wp-json\/wp\/v2\/pages\/85\/revisions"}],"predecessor-version":[{"id":413,"href":"https:\/\/bsr-steinreinigung.de\/index.php\/wp-json\/wp\/v2\/pages\/85\/revisions\/413"}],"wp:attachment":[{"href":"https:\/\/bsr-steinreinigung.de\/index.php\/wp-json\/wp\/v2\/media?parent=85"}],"curies":[{"name":"wp","href":"https:\/\/api.w.org\/{rel}","templated":true}]}}